{"id":2206,"date":"2026-08-31T19:24:30","date_gmt":"2026-08-31T17:24:30","guid":{"rendered":"https:\/\/fundacjakorale.org\/?page_id=2206"},"modified":"2026-08-31T19:24:31","modified_gmt":"2026-08-31T17:24:31","slug":"terapia-i-wsparcie-psychologiczne","status":"publish","type":"page","link":"https:\/\/fundacjakorale.org\/?page_id=2206","title":{"rendered":"Terapia i wsparcie psychologiczne"},"content":{"rendered":"\n<figure class=\"wp-block-table aligncenter\"><table class=\"has-fixed-layout\"><tbody><tr><td><strong>Temat<\/strong><\/td><td><strong>Typ<\/strong><\/td><td><strong>Czas<\/strong><\/td><td><strong>Cena<\/strong><\/td><td><strong>Prowadz\u0105cy<\/strong><\/td><td><strong>Zapisy<\/strong><\/td><\/tr><tr><td><strong>Terapia rodzinna i par<\/strong><\/td><td>Sesja<\/td><td>1,15h<\/td><td>250 z\u0142<\/td><td>Magda Cechnicka<\/td><td><a href=\"https:\/\/fundacjakorale.org\/?page_id=106\" data-type=\"page\" data-id=\"106\" target=\"_blank\" rel=\"noopener\">Link do zapisu<\/a><\/td><\/tr><tr><td><strong>Terapia indywidualna<\/strong><\/td><td>sesja<\/td><td>50 min<\/td><td>200 z\u0142<\/td><td>Magda Cechnicka<\/td><td><a href=\"https:\/\/fundacjakorale.org\/link-do-zapisu\/\" target=\"_blank\" rel=\"noopener\"><a href=\"https:\/\/fundacjakorale.org\/?page_id=106\" data-type=\"page\" data-id=\"106\" target=\"_blank\" rel=\"noopener\">Link do zapisu<\/a><\/a><\/td><\/tr><tr><td><strong>Terapia, wsparcie dzieci i m\u0142odzie\u017cy.<\/strong><\/td><td>spotkanie<\/td><td>&nbsp; 30 min\/40 min &nbsp;<\/td><td>200 z\u0142 \u00a0<\/td><td>Izabela Owczaruk<\/td><td><a href=\"https:\/\/fundacjakorale.org\/link-do-zapisu\/\" target=\"_blank\" rel=\"noopener\"><a href=\"https:\/\/fundacjakorale.org\/?page_id=106\" data-type=\"page\" data-id=\"106\" target=\"_blank\" rel=\"noopener\">Link do zapisu<\/a><\/a><\/td><\/tr><tr><td><strong>Spotkania rodzica z dzieckiem w POKOJU BEZPIECZNYCH RELACJI&nbsp;<\/strong><\/td><td>&nbsp; Spotkanie monitorowane przez psychologa i opis spotka\u0144 do S\u0105du &nbsp;<\/td><td>&nbsp; &nbsp; 1h &nbsp; &nbsp;<\/td><td>300 z\u0142 <strong>\u00a0<\/strong> \u00a0<\/td><td>Izabela Owczaruk Magda Cechnicka<\/td><td><a href=\"https:\/\/fundacjakorale.org\/link-do-zapisu\/\" target=\"_blank\" rel=\"noopener\"><a href=\"https:\/\/fundacjakorale.org\/?page_id=106\" data-type=\"page\" data-id=\"106\" target=\"_blank\" rel=\"noopener\">Link do zapisu<\/a><\/a><\/td><\/tr><tr><td><strong>Konsultacja psychologiczna<\/strong> &nbsp; <strong>Wyk\u0142ady: \u201eDziecko w konflikcie Rodzic\u00f3w\u201d<\/strong><\/td><td>Ka\u017cdy mo\u017ce si\u0119 zg\u0142osi\u0107 na konsultacje &nbsp; &nbsp;<\/td><td>1h &nbsp; &nbsp;<\/td><td>200 z\u0142 &nbsp; 400 z\u0142<strong>&nbsp;za ca\u0142o\u015b\u0107<\/strong><\/td><td>Izabela Owczaruk Magda Cechnicka. &nbsp; &nbsp;<\/td><td><a href=\"https:\/\/fundacjakorale.org\/link-do-zapisu\/\" target=\"_blank\" rel=\"noopener\"><a href=\"https:\/\/fundacjakorale.org\/?page_id=106\" data-type=\"page\" data-id=\"106\" target=\"_blank\" rel=\"noopener\">Link do zapisu<\/a><\/a><\/td><\/tr><\/tbody><\/table><\/figure>\n","protected":false},"excerpt":{"rendered":"<p>Temat Typ Czas Cena Prowadz\u0105cy Zapisy Terapia rodzinna i par Sesja 1,15h 250 z\u0142 Magda Cechnicka Link do zapisu Terapia indywidualna sesja 50 min 200 z\u0142 Magda Cechnicka Link do zapisu Terapia, wsparcie dzieci i m\u0142odzie\u017cy. spotkanie &nbsp; 30 min\/40 min &nbsp; 200 z\u0142 \u00a0 Izabela Owczaruk Link do zapisu Spotkania rodzica z dzieckiem w [&hellip;]<\/p>\n","protected":false},"author":1,"featured_media":0,"parent":0,"menu_order":0,"comment_status":"closed","ping_status":"closed","template":"","meta":{"give_campaign_id":0,"footnotes":""},"class_list":["post-2206","page","type-page","status-publish","hentry"],"campaignId":"","_links":{"self":[{"href":"https:\/\/fundacjakorale.org\/index.php?rest_route=\/wp\/v2\/pages\/2206","targetHints":{"allow":["GET"]}}],"collection":[{"href":"https:\/\/fundacjakorale.org\/index.php?rest_route=\/wp\/v2\/pages"}],"about":[{"href":"https:\/\/fundacjakorale.org\/index.php?rest_route=\/wp\/v2\/types\/page"}],"author":[{"embeddable":true,"href":"https:\/\/fundacjakorale.org\/index.php?rest_route=\/wp\/v2\/users\/1"}],"replies":[{"embeddable":true,"href":"https:\/\/fundacjakorale.org\/index.php?rest_route=%2Fwp%2Fv2%2Fcomments&post=2206"}],"version-history":[{"count":1,"href":"https:\/\/fundacjakorale.org\/index.php?rest_route=\/wp\/v2\/pages\/2206\/revisions"}],"predecessor-version":[{"id":2209,"href":"https:\/\/fundacjakorale.org\/index.php?rest_route=\/wp\/v2\/pages\/2206\/revisions\/2209"}],"wp:attachment":[{"href":"https:\/\/fundacjakorale.org\/index.php?rest_route=%2Fwp%2Fv2%2Fmedia&parent=2206"}],"curies":[{"name":"wp","href":"https:\/\/api.w.org\/{rel}","templated":true}]}}

<figure class="wp-block-table aligncenter"><table class="has-fixed-layout"><tbody><tr><td><strong>Temat</strong></td><td><strong>Typ</strong></td><td><strong>Czas</strong></td><td><strong>Cena</strong></td><td><strong>Prowadzący</strong></td><td><strong>Zapisy</strong></td></tr><tr><td><strong>Terapia rodzinna i par</strong></td><td>Sesja</td><td>1,15h</td><td>250 zł</td><td>Magda Cechnicka</td><td><a href="https://fundacjakorale.org/?page_id=106" data-type="page" data-id="106" target="_blank" rel="noopener">Link do zapisu</a></td></tr><tr><td><strong>Terapia indywidualna</strong></td><td>sesja</td><td>50 min</td><td>200 zł</td><td>Magda Cechnicka</td><td><a href="https://fundacjakorale.org/link-do-zapisu/" target="_blank" rel="noopener"><a href="https://fundacjakorale.org/?page_id=106" data-type="page" data-id="106" target="_blank" rel="noopener">Link do zapisu</a></a></td></tr><tr><td><strong>Terapia, wsparcie dzieci i młodzieży.</strong></td><td>spotkanie</td><td>&nbsp; 30 min/40 min &nbsp;</td><td>200 zł  </td><td>Izabela Owczaruk</td><td><a href="https://fundacjakorale.org/link-do-zapisu/" target="_blank" rel="noopener"><a href="https://fundacjakorale.org/?page_id=106" data-type="page" data-id="106" target="_blank" rel="noopener">Link do zapisu</a></a></td></tr><tr><td><strong>Spotkania rodzica z dzieckiem w POKOJU BEZPIECZNYCH RELACJI&nbsp;</strong></td><td>&nbsp; Spotkanie monitorowane przez psychologa i opis spotkań do Sądu &nbsp;</td><td>&nbsp; &nbsp; 1h &nbsp; &nbsp;</td><td>300 zł <strong> </strong>  </td><td>Izabela Owczaruk Magda Cechnicka</td><td><a href="https://fundacjakorale.org/link-do-zapisu/" target="_blank" rel="noopener"><a href="https://fundacjakorale.org/?page_id=106" data-type="page" data-id="106" target="_blank" rel="noopener">Link do zapisu</a></a></td></tr><tr><td><strong>Konsultacja psychologiczna</strong> &nbsp; <strong>Wykłady: „Dziecko w konflikcie Rodziców”</strong></td><td>Każdy może się zgłosić na konsultacje &nbsp; &nbsp;</td><td>1h &nbsp; &nbsp;</td><td>200 zł &nbsp; 400 zł<strong>&nbsp;za całość</strong></td><td>Izabela Owczaruk Magda Cechnicka. &nbsp; &nbsp;</td><td><a href="https://fundacjakorale.org/link-do-zapisu/" target="_blank" rel="noopener"><a href="https://fundacjakorale.org/?page_id=106" data-type="page" data-id="106" target="_blank" rel="noopener">Link do zapisu</a></a></td></tr></tbody></table></figure>

<p>Temat Typ Czas Cena Prowadzący Zapisy Terapia rodzinna i par Sesja 1,15h 250 zł Magda Cechnicka Link do zapisu Terapia indywidualna sesja 50 min 200 zł Magda Cechnicka Link do zapisu Terapia, wsparcie dzieci i młodzieży. spotkanie &nbsp; 30 min/40 min &nbsp; 200 zł   Izabela Owczaruk Link do zapisu Spotkania rodzica z dzieckiem w [&hellip;]</p>
